{"version":"1.0","provider_name":"Pagine Ebraiche International","provider_url":"https:\/\/moked.it\/international","title":"BECHOL LASHON Fran\u00e7ais - Qu\u2019est-ce que la libert\u00e9? - Pagine Ebraiche International","type":"rich","width":600,"height":338,"html":"<blockquote class=\"wp-embedded-content\" data-secret=\"rHUFgpuGvp\"><a href=\"https:\/\/moked.it\/international\/2019\/12\/23\/bechol-lashon-francais-quest-ce-que-la-liberte\/\">BECHOL LASHON Fran\u00e7ais &#8211; Qu\u2019est-ce que la libert\u00e9?<\/a><\/blockquote><iframe sandbox=\"allow-scripts\" security=\"restricted\" src=\"https:\/\/moked.it\/international\/2019\/12\/23\/bechol-lashon-francais-quest-ce-que-la-liberte\/embed\/#?secret=rHUFgpuGvp\" width=\"600\" height=\"338\" title=\"&#8220;BECHOL LASHON Fran\u00e7ais &#8211; Qu\u2019est-ce que la libert\u00e9?&#8221; &#8212; Pagine Ebraiche International\" data-secret=\"rHUFgpuGvp\" frameborder=\"0\" marginwidth=\"0\" marginheight=\"0\" scrolling=\"no\" class=\"wp-embedded-content\"><\/iframe><script type=\"text\/javascript\">\n\/* <![CDATA[ *\/\n\/*! This file is auto-generated *\/\n!function(d,l){\"use strict\";l.querySelector&&d.addEventListener&&\"undefined\"!=typeof URL&&(d.wp=d.wp||{},d.wp.receiveEmbedMessage||(d.wp.receiveEmbedMessage=function(e){var t=e.data;if((t||t.secret||t.message||t.value)&&!\/[^a-zA-Z0-9]\/.test(t.secret)){for(var s,r,n,a=l.querySelectorAll('iframe[data-secret=\"'+t.secret+'\"]'),o=l.querySelectorAll('blockquote[data-secret=\"'+t.secret+'\"]'),c=new RegExp(\"^https?:$\",\"i\"),i=0;i<o.length;i++)o[i].style.display=\"none\";for(i=0;i<a.length;i++)s=a[i],e.source===s.contentWindow&&(s.removeAttribute(\"style\"),\"height\"===t.message?(1e3<(r=parseInt(t.value,10))?r=1e3:~~r<200&&(r=200),s.height=r):\"link\"===t.message&&(r=new URL(s.getAttribute(\"src\")),n=new URL(t.value),c.test(n.protocol))&&n.host===r.host&&l.activeElement===s&&(d.top.location.href=t.value))}},d.addEventListener(\"message\",d.wp.receiveEmbedMessage,!1),l.addEventListener(\"DOMContentLoaded\",function(){for(var e,t,s=l.querySelectorAll(\"iframe.wp-embedded-content\"),r=0;r<s.length;r++)(t=(e=s[r]).getAttribute(\"data-secret\"))||(t=Math.random().toString(36).substring(2,12),e.src+=\"#?secret=\"+t,e.setAttribute(\"data-secret\",t)),e.contentWindow.postMessage({message:\"ready\",secret:t},\"*\")},!1)))}(window,document);\n\/* ]]> *\/\n<\/script>\n","description":"Anna Foa* Samedi dernier, sur une grande place de Rome, un cri inhabituel dans une manifestation a retenti : \u00ab Libert\u00e9 \u00bb. C\u2019est un mot ayant plusieurs sens, comme le d\u00e9montrent les nombreux philosophes qui se sont occup\u00e9s dans ce th\u00e8me, de Platon jusqu\u2019\u00e0 Hannah Arendt et d\u2019autres. Il est quand m\u00eame insolite de l\u2019entendre&hellip; leggi&nbsp;","thumbnail_url":"http:\/\/moked.it\/international\/files\/2017\/12\/anna-foa-by-giovanni-montenero-300x211.png"}

BECHOL LASHON Français - Qu’est-ce que la liberté? - Pagine Ebraiche International

<blockquote class="wp-embedded-content" data-secret="rHUFgpuGvp"><a href="https://moked.it/international/2019/12/23/bechol-lashon-francais-quest-ce-que-la-liberte/">BECHOL LASHON Français &#8211; Qu’est-ce que la liberté?</a></blockquote><iframe sandbox="allow-scripts" security="restricted" src="https://moked.it/international/2019/12/23/bechol-lashon-francais-quest-ce-que-la-liberte/embed/#?secret=rHUFgpuGvp" width="600" height="338" title="&#8220;BECHOL LASHON Français &#8211; Qu’est-ce que la liberté?&#8221; &#8212; Pagine Ebraiche International" data-secret="rHUFgpuGvp" frameborder="0" marginwidth="0" marginheight="0" scrolling="no" class="wp-embedded-content"></iframe><script type="text/javascript">
/* <![CDATA[ */
/*! This file is auto-generated */
!function(d,l){"use strict";l.querySelector&&d.addEventListener&&"undefined"!=typeof URL&&(d.wp=d.wp||{},d.wp.receiveEmbedMessage||(d.wp.receiveEmbedMessage=function(e){var t=e.data;if((t||t.secret||t.message||t.value)&&!/[^a-zA-Z0-9]/.test(t.secret)){for(var s,r,n,a=l.querySelectorAll('iframe[data-secret="'+t.secret+'"]'),o=l.querySelectorAll('blockquote[data-secret="'+t.secret+'"]'),c=new RegExp("^https?:$","i"),i=0;i<o.length;i++)o[i].style.display="none";for(i=0;i<a.length;i++)s=a[i],e.source===s.contentWindow&&(s.removeAttribute("style"),"height"===t.message?(1e3<(r=parseInt(t.value,10))?r=1e3:~~r<200&&(r=200),s.height=r):"link"===t.message&&(r=new URL(s.getAttribute("src")),n=new URL(t.value),c.test(n.protocol))&&n.host===r.host&&l.activeElement===s&&(d.top.location.href=t.value))}},d.addEventListener("message",d.wp.receiveEmbedMessage,!1),l.addEventListener("DOMContentLoaded",function(){for(var e,t,s=l.querySelectorAll("iframe.wp-embedded-content"),r=0;r<s.length;r++)(t=(e=s[r]).getAttribute("data-secret"))||(t=Math.random().toString(36).substring(2,12),e.src+="#?secret="+t,e.setAttribute("data-secret",t)),e.contentWindow.postMessage({message:"ready",secret:t},"*")},!1)))}(window,document);
/* ]]> */
</script>

Anna Foa* Samedi dernier, sur une grande place de Rome, un cri inhabituel dans une manifestation a retenti : « Liberté ». C’est un mot ayant plusieurs sens, comme le démontrent les nombreux philosophes qui se sont occupés dans ce thème, de Platon jusqu’à Hannah Arendt et d’autres. Il est quand même insolite de l’entendre&hellip; leggi&nbsp;
