{"version":"1.0","provider_name":"Pagine Ebraiche International","provider_url":"https:\/\/moked.it\/international","title":"BECHOL LASHON Fran\u00e7ois - Apr\u00e8s le 24 mai 1915 - Pagine Ebraiche International","type":"rich","width":600,"height":338,"html":"<blockquote class=\"wp-embedded-content\" data-secret=\"SLGujQbAK3\"><a href=\"https:\/\/moked.it\/international\/2020\/06\/01\/bechol-lashon-francois-apres-le-24-mai-1915\/\">BECHOL LASHON Fran\u00e7ois &#8211; Apr\u00e8s le 24 mai 1915<\/a><\/blockquote><iframe sandbox=\"allow-scripts\" security=\"restricted\" src=\"https:\/\/moked.it\/international\/2020\/06\/01\/bechol-lashon-francois-apres-le-24-mai-1915\/embed\/#?secret=SLGujQbAK3\" width=\"600\" height=\"338\" title=\"&#8220;BECHOL LASHON Fran\u00e7ois &#8211; Apr\u00e8s le 24 mai 1915&#8221; &#8212; Pagine Ebraiche International\" data-secret=\"SLGujQbAK3\" frameborder=\"0\" marginwidth=\"0\" marginheight=\"0\" scrolling=\"no\" class=\"wp-embedded-content\"><\/iframe><script type=\"text\/javascript\">\n\/* <![CDATA[ *\/\n\/*! This file is auto-generated *\/\n!function(d,l){\"use strict\";l.querySelector&&d.addEventListener&&\"undefined\"!=typeof URL&&(d.wp=d.wp||{},d.wp.receiveEmbedMessage||(d.wp.receiveEmbedMessage=function(e){var t=e.data;if((t||t.secret||t.message||t.value)&&!\/[^a-zA-Z0-9]\/.test(t.secret)){for(var s,r,n,a=l.querySelectorAll('iframe[data-secret=\"'+t.secret+'\"]'),o=l.querySelectorAll('blockquote[data-secret=\"'+t.secret+'\"]'),c=new RegExp(\"^https?:$\",\"i\"),i=0;i<o.length;i++)o[i].style.display=\"none\";for(i=0;i<a.length;i++)s=a[i],e.source===s.contentWindow&&(s.removeAttribute(\"style\"),\"height\"===t.message?(1e3<(r=parseInt(t.value,10))?r=1e3:~~r<200&&(r=200),s.height=r):\"link\"===t.message&&(r=new URL(s.getAttribute(\"src\")),n=new URL(t.value),c.test(n.protocol))&&n.host===r.host&&l.activeElement===s&&(d.top.location.href=t.value))}},d.addEventListener(\"message\",d.wp.receiveEmbedMessage,!1),l.addEventListener(\"DOMContentLoaded\",function(){for(var e,t,s=l.querySelectorAll(\"iframe.wp-embedded-content\"),r=0;r<s.length;r++)(t=(e=s[r]).getAttribute(\"data-secret\"))||(t=Math.random().toString(36).substring(2,12),e.src+=\"#?secret=\"+t,e.setAttribute(\"data-secret\",t)),e.contentWindow.postMessage({message:\"ready\",secret:t},\"*\")},!1)))}(window,document);\n\/* ]]> *\/\n<\/script>\n","description":"Anna Foa Hier, c\u2019\u00e9tait le 24 mai. Il y a cent cinq ans, exactement le 24 mai 1915, l\u2019Italie entre dans la Premi\u00e8re Guerre mondiale. Le g\u00e9nocide des Arm\u00e9niens avait commenc\u00e9 un mois plus t\u00f4t. Ce fut une guerre terrible, peut-\u00eatre plus terrible encore que la Seconde Guerre mondiale, qui a marqu\u00e9 un tournant. Ce&hellip; leggi&nbsp;","thumbnail_url":"http:\/\/moked.it\/international\/files\/2017\/12\/anna-foa-by-giovanni-montenero-300x211.png"}

BECHOL LASHON François - Après le 24 mai 1915 - Pagine Ebraiche International

<blockquote class="wp-embedded-content" data-secret="SLGujQbAK3"><a href="https://moked.it/international/2020/06/01/bechol-lashon-francois-apres-le-24-mai-1915/">BECHOL LASHON François &#8211; Après le 24 mai 1915</a></blockquote><iframe sandbox="allow-scripts" security="restricted" src="https://moked.it/international/2020/06/01/bechol-lashon-francois-apres-le-24-mai-1915/embed/#?secret=SLGujQbAK3" width="600" height="338" title="&#8220;BECHOL LASHON François &#8211; Après le 24 mai 1915&#8221; &#8212; Pagine Ebraiche International" data-secret="SLGujQbAK3" frameborder="0" marginwidth="0" marginheight="0" scrolling="no" class="wp-embedded-content"></iframe><script type="text/javascript">
/* <![CDATA[ */
/*! This file is auto-generated */
!function(d,l){"use strict";l.querySelector&&d.addEventListener&&"undefined"!=typeof URL&&(d.wp=d.wp||{},d.wp.receiveEmbedMessage||(d.wp.receiveEmbedMessage=function(e){var t=e.data;if((t||t.secret||t.message||t.value)&&!/[^a-zA-Z0-9]/.test(t.secret)){for(var s,r,n,a=l.querySelectorAll('iframe[data-secret="'+t.secret+'"]'),o=l.querySelectorAll('blockquote[data-secret="'+t.secret+'"]'),c=new RegExp("^https?:$","i"),i=0;i<o.length;i++)o[i].style.display="none";for(i=0;i<a.length;i++)s=a[i],e.source===s.contentWindow&&(s.removeAttribute("style"),"height"===t.message?(1e3<(r=parseInt(t.value,10))?r=1e3:~~r<200&&(r=200),s.height=r):"link"===t.message&&(r=new URL(s.getAttribute("src")),n=new URL(t.value),c.test(n.protocol))&&n.host===r.host&&l.activeElement===s&&(d.top.location.href=t.value))}},d.addEventListener("message",d.wp.receiveEmbedMessage,!1),l.addEventListener("DOMContentLoaded",function(){for(var e,t,s=l.querySelectorAll("iframe.wp-embedded-content"),r=0;r<s.length;r++)(t=(e=s[r]).getAttribute("data-secret"))||(t=Math.random().toString(36).substring(2,12),e.src+="#?secret="+t,e.setAttribute("data-secret",t)),e.contentWindow.postMessage({message:"ready",secret:t},"*")},!1)))}(window,document);
/* ]]> */
</script>

Anna Foa Hier, c’était le 24 mai. Il y a cent cinq ans, exactement le 24 mai 1915, l’Italie entre dans la Première Guerre mondiale. Le génocide des Arméniens avait commencé un mois plus tôt. Ce fut une guerre terrible, peut-être plus terrible encore que la Seconde Guerre mondiale, qui a marqué un tournant. Ce&hellip; leggi&nbsp;
