{"version":"1.0","provider_name":"Pagine Ebraiche International","provider_url":"https:\/\/moked.it\/international","title":"BECHOL LASHON Fran\u00e7ois - Le mot \u00abrace\u00bb - Pagine Ebraiche International","type":"rich","width":600,"height":338,"html":"<blockquote class=\"wp-embedded-content\" data-secret=\"nIt4D6etnw\"><a href=\"https:\/\/moked.it\/international\/2020\/07\/06\/bechol-lashon-francois-le-mot-race\/\">BECHOL LASHON Fran\u00e7ois &#8211; Le mot \u00abrace\u00bb<\/a><\/blockquote><iframe sandbox=\"allow-scripts\" security=\"restricted\" src=\"https:\/\/moked.it\/international\/2020\/07\/06\/bechol-lashon-francois-le-mot-race\/embed\/#?secret=nIt4D6etnw\" width=\"600\" height=\"338\" title=\"&#8220;BECHOL LASHON Fran\u00e7ois &#8211; Le mot \u00abrace\u00bb&#8221; &#8212; Pagine Ebraiche International\" data-secret=\"nIt4D6etnw\" frameborder=\"0\" marginwidth=\"0\" marginheight=\"0\" scrolling=\"no\" class=\"wp-embedded-content\"><\/iframe><script type=\"text\/javascript\">\n\/* <![CDATA[ *\/\n\/*! This file is auto-generated *\/\n!function(d,l){\"use strict\";l.querySelector&&d.addEventListener&&\"undefined\"!=typeof URL&&(d.wp=d.wp||{},d.wp.receiveEmbedMessage||(d.wp.receiveEmbedMessage=function(e){var t=e.data;if((t||t.secret||t.message||t.value)&&!\/[^a-zA-Z0-9]\/.test(t.secret)){for(var s,r,n,a=l.querySelectorAll('iframe[data-secret=\"'+t.secret+'\"]'),o=l.querySelectorAll('blockquote[data-secret=\"'+t.secret+'\"]'),c=new RegExp(\"^https?:$\",\"i\"),i=0;i<o.length;i++)o[i].style.display=\"none\";for(i=0;i<a.length;i++)s=a[i],e.source===s.contentWindow&&(s.removeAttribute(\"style\"),\"height\"===t.message?(1e3<(r=parseInt(t.value,10))?r=1e3:~~r<200&&(r=200),s.height=r):\"link\"===t.message&&(r=new URL(s.getAttribute(\"src\")),n=new URL(t.value),c.test(n.protocol))&&n.host===r.host&&l.activeElement===s&&(d.top.location.href=t.value))}},d.addEventListener(\"message\",d.wp.receiveEmbedMessage,!1),l.addEventListener(\"DOMContentLoaded\",function(){for(var e,t,s=l.querySelectorAll(\"iframe.wp-embedded-content\"),r=0;r<s.length;r++)(t=(e=s[r]).getAttribute(\"data-secret\"))||(t=Math.random().toString(36).substring(2,12),e.src+=\"#?secret=\"+t,e.setAttribute(\"data-secret\",t)),e.contentWindow.postMessage({message:\"ready\",secret:t},\"*\")},!1)))}(window,document);\n\/* ]]> *\/\n<\/script>\n","description":"Anna Foa* Un nouveau d\u00e9bat est commenc\u00e9 \u00e0 propos de l\u2019abolition ou pas du mot \u00ab race \u00bb, qui est d\u2019ailleurs pr\u00e9sent aussi dans notre constitution. On sait bien que les races n\u2019existent plus, et la science l\u2019a d\u00e9j\u00e0 amplement d\u00e9montr\u00e9. J\u2019avoue que moi aussi j\u2019\u00e9tais pour l\u2019abolition de ce mot honteux qui a caus\u00e9&hellip; leggi&nbsp;"}

BECHOL LASHON François - Le mot «race» - Pagine Ebraiche International

<blockquote class="wp-embedded-content" data-secret="nIt4D6etnw"><a href="https://moked.it/international/2020/07/06/bechol-lashon-francois-le-mot-race/">BECHOL LASHON François &#8211; Le mot «race»</a></blockquote><iframe sandbox="allow-scripts" security="restricted" src="https://moked.it/international/2020/07/06/bechol-lashon-francois-le-mot-race/embed/#?secret=nIt4D6etnw" width="600" height="338" title="&#8220;BECHOL LASHON François &#8211; Le mot «race»&#8221; &#8212; Pagine Ebraiche International" data-secret="nIt4D6etnw" frameborder="0" marginwidth="0" marginheight="0" scrolling="no" class="wp-embedded-content"></iframe><script type="text/javascript">
/* <![CDATA[ */
/*! This file is auto-generated */
!function(d,l){"use strict";l.querySelector&&d.addEventListener&&"undefined"!=typeof URL&&(d.wp=d.wp||{},d.wp.receiveEmbedMessage||(d.wp.receiveEmbedMessage=function(e){var t=e.data;if((t||t.secret||t.message||t.value)&&!/[^a-zA-Z0-9]/.test(t.secret)){for(var s,r,n,a=l.querySelectorAll('iframe[data-secret="'+t.secret+'"]'),o=l.querySelectorAll('blockquote[data-secret="'+t.secret+'"]'),c=new RegExp("^https?:$","i"),i=0;i<o.length;i++)o[i].style.display="none";for(i=0;i<a.length;i++)s=a[i],e.source===s.contentWindow&&(s.removeAttribute("style"),"height"===t.message?(1e3<(r=parseInt(t.value,10))?r=1e3:~~r<200&&(r=200),s.height=r):"link"===t.message&&(r=new URL(s.getAttribute("src")),n=new URL(t.value),c.test(n.protocol))&&n.host===r.host&&l.activeElement===s&&(d.top.location.href=t.value))}},d.addEventListener("message",d.wp.receiveEmbedMessage,!1),l.addEventListener("DOMContentLoaded",function(){for(var e,t,s=l.querySelectorAll("iframe.wp-embedded-content"),r=0;r<s.length;r++)(t=(e=s[r]).getAttribute("data-secret"))||(t=Math.random().toString(36).substring(2,12),e.src+="#?secret="+t,e.setAttribute("data-secret",t)),e.contentWindow.postMessage({message:"ready",secret:t},"*")},!1)))}(window,document);
/* ]]> */
</script>

Anna Foa* Un nouveau débat est commencé à propos de l’abolition ou pas du mot « race », qui est d’ailleurs présent aussi dans notre constitution. On sait bien que les races n’existent plus, et la science l’a déjà amplement démontré. J’avoue que moi aussi j’étais pour l’abolition de ce mot honteux qui a causé&hellip; leggi&nbsp;
