{"version":"1.0","provider_name":"Pagine Ebraiche International","provider_url":"https:\/\/moked.it\/international","title":"1943: die Deportation der Carabinieri - Pagine Ebraiche International","type":"rich","width":600,"height":338,"html":"<blockquote class=\"wp-embedded-content\" data-secret=\"sKyBcX94Fw\"><a href=\"https:\/\/moked.it\/international\/2023\/10\/30\/1943-die-deportation-der-carabinieri\/\">1943: die Deportation der Carabinieri<\/a><\/blockquote><iframe sandbox=\"allow-scripts\" security=\"restricted\" src=\"https:\/\/moked.it\/international\/2023\/10\/30\/1943-die-deportation-der-carabinieri\/embed\/#?secret=sKyBcX94Fw\" width=\"600\" height=\"338\" title=\"&#8220;1943: die Deportation der Carabinieri&#8221; &#8212; Pagine Ebraiche International\" data-secret=\"sKyBcX94Fw\" frameborder=\"0\" marginwidth=\"0\" marginheight=\"0\" scrolling=\"no\" class=\"wp-embedded-content\"><\/iframe><script type=\"text\/javascript\">\n\/* <![CDATA[ *\/\n\/*! This file is auto-generated *\/\n!function(d,l){\"use strict\";l.querySelector&&d.addEventListener&&\"undefined\"!=typeof URL&&(d.wp=d.wp||{},d.wp.receiveEmbedMessage||(d.wp.receiveEmbedMessage=function(e){var t=e.data;if((t||t.secret||t.message||t.value)&&!\/[^a-zA-Z0-9]\/.test(t.secret)){for(var s,r,n,a=l.querySelectorAll('iframe[data-secret=\"'+t.secret+'\"]'),o=l.querySelectorAll('blockquote[data-secret=\"'+t.secret+'\"]'),c=new RegExp(\"^https?:$\",\"i\"),i=0;i<o.length;i++)o[i].style.display=\"none\";for(i=0;i<a.length;i++)s=a[i],e.source===s.contentWindow&&(s.removeAttribute(\"style\"),\"height\"===t.message?(1e3<(r=parseInt(t.value,10))?r=1e3:~~r<200&&(r=200),s.height=r):\"link\"===t.message&&(r=new URL(s.getAttribute(\"src\")),n=new URL(t.value),c.test(n.protocol))&&n.host===r.host&&l.activeElement===s&&(d.top.location.href=t.value))}},d.addEventListener(\"message\",d.wp.receiveEmbedMessage,!1),l.addEventListener(\"DOMContentLoaded\",function(){for(var e,t,s=l.querySelectorAll(\"iframe.wp-embedded-content\"),r=0;r<s.length;r++)(t=(e=s[r]).getAttribute(\"data-secret\"))||(t=Math.random().toString(36).substring(2,12),e.src+=\"#?secret=\"+t,e.setAttribute(\"data-secret\",t)),e.contentWindow.postMessage({message:\"ready\",secret:t},\"*\")},!1)))}(window,document);\n\/* ]]> *\/\n<\/script>\n","thumbnail_url":"http:\/\/moked.it\/international\/files\/2023\/10\/unnamed-3.jpg","thumbnail_width":1600,"thumbnail_height":1067,"description":"Am 7. Oktober 1943, neun Tage bevor die r\u00f6mischen Juden geraubt wurden, verhafteten deutsche Fallschirmj\u00e4ger und SS-Truppen \u00fcber 2000 Carabinieri, die in Rom Dienst taten. Diese Initiative, gebilligt von Marschall Rodolfo Graziani, dem Verteidigungsminister der Italienischen Sozialrepublik, hatte das Ziel, die Arbeit der nationalsozialistischen Besatzer zu \u201eerleichtern\u201c. Man dachte n\u00e4mlich, dass die Mitglieder der Carabinieri&hellip; leggi&nbsp;"}

Am 7. Oktober 1943, neun Tage bevor die römischen Juden geraubt wurden, verhafteten deutsche Fallschirmjäger und SS-Truppen über 2000 Carabinieri, die in Rom Dienst taten. Diese Initiative, gebilligt von Marschall Rodolfo Graziani, dem Verteidigungsminister der Italienischen Sozialrepublik, hatte das Ziel, die Arbeit der nationalsozialistischen Besatzer zu „erleichtern“. Man dachte nämlich, dass die Mitglieder der Carabinieri&hellip; leggi&nbsp;
