{"id":8,"date":"2009-09-30T09:39:04","date_gmt":"2009-09-30T14:39:04","guid":{"rendered":"http:\/\/moked.it\/paginebraiche\/?page_id=8"},"modified":"2018-03-16T09:28:16","modified_gmt":"2018-03-16T14:28:16","slug":"abbonamenti","status":"publish","type":"page","link":"https:\/\/moked.it\/paginebraiche\/abbonamenti\/","title":{"rendered":"Abbonamenti"},"content":{"rendered":"<h2>Abbonati<\/h2>\n<dl>\n<dt>Carta di credito<\/dt>\n<dd>Visa, Mastercard, American Express o PostePay su server ad alta sicurezza PayPal<\/p>\n<div class=\"half\">\n<p><strong>Abbonamento Ordinario 30 euro\/anno<\/strong><\/p>\n<form action=\"https:\/\/www.paypal.com\/cgi-bin\/webscr\" method=\"post\"><input name=\"cmd\" type=\"hidden\" value=\"_s-xclick\" \/><input name=\"hosted_button_id\" type=\"hidden\" value=\"8579420\" \/><input alt=\"PayPal - Il sistema di pagamento online pi\u00f9 facile e sicuro!\" name=\"submit\" src=\"https:\/\/www.paypal.com\/it_IT\/IT\/i\/btn\/btn_buynowCC_LG.gif\" type=\"image\" \/><\/form>\n<\/div>\n<div class=\"half\">\n<p><strong>Abbonamento Sostenitori 100 euro\/anno<\/strong><\/p>\n<form action=\"https:\/\/www.paypal.com\/cgi-bin\/webscr\" method=\"post\"><input name=\"cmd\" type=\"hidden\" value=\"_s-xclick\" \/><input name=\"hosted_button_id\" type=\"hidden\" value=\"8606857\" \/><input alt=\"PayPal - Il sistema di pagamento online pi\u00f9 facile e sicuro!\" name=\"submit\" src=\"https:\/\/www.paypal.com\/it_IT\/IT\/i\/btn\/btn_buynowCC_LG.gif\" type=\"image\" \/><\/form>\n<\/div>\n<\/dd>\n<dt>Versamento su Conto Corrente Postale<\/dt>\n<dd>numero\u00a099138919 intestato a<br \/>\nUCEI \u2013 Pagine Ebraiche \u2013 Lungotevere Sanzio 9 &#8211; Roma 00153<\/dd>\n<dt>Bonifico Bancario<\/dt>\n<dd>IBAN IT39B0760103200000099138919 &#8211; intestato a<br \/>\nUCEI \u2013 Pagine Ebraiche \u2013 Lungotevere Sanzio 9 &#8211; Roma 00153<\/dd>\n<\/dl>\n<p>&nbsp;<\/p>\n<p>&nbsp;<\/p>\n<h2>Informazione, un lavoro a tutto campo<\/h2>\n<p><img loading=\"lazy\" decoding=\"async\" class=\"size-full wp-image-1062 alignnone\" src=\"http:\/\/moked.it\/paginebraiche\/files\/2009\/09\/Schermata-2017-01-31-alle-16.59.01-e1485878530831.png\" alt=\"Schermata 2017-01-31 alle 16.59.01\" width=\"600\" height=\"192\" \/><\/p>\n<p>Se senti il bisogno di un modo diverso di fare informazione e di fare cultura, se guardi con interesse ai valori, alla storia bimillenaria, alle speranze degli ebrei italiani, questo giornale \u00e8 il tuo giornale. Se credi che il simbolo di tutte le identit\u00e0 minoritarie sia anche la migliore difesa di una societ\u00e0 aperta dove ogni diversit\u00e0 e ogni minoranza sia accolta e vissuta come una crescita di valore, il giornale dell\u2019ebraismo italiano dovrebbe starti a cuore.<br \/>\nL\u2019edizione a stampa di Pagine Ebraiche raggiunger\u00e0 solo i lettori abbonati. E con il giornale dell\u2019ebraismo italiano Pagine Ebraiche, il lettore continuer\u00e0 a ricevere il giornale di cronache comunitarie Italia Ebraica e il giornale ebraico dei bambini DafDaf.<\/p>\n<h2>Servizi garantiti al lettore e realizzati dalla redazione<\/h2>\n<ul>\n<li>Rassegna stampa<\/li>\n<li>Ufficio stampa e assistenza alla Presidenza<\/li>\n<li>Praticantato giornalistico formazione e lavoro per i giovani (otto esperienze di praticantato gi\u00e0 convalidate dall\u2019Ordine dei giornalisti)<\/li>\n<li>Formazione e corsi di aggiornamento per tutti i giornalisti italiani<\/li>\n<li>Laboratori di lavoro giornalistico e di studio<\/li>\n<li>Iniziative culturali, interventi e diffusione straordinaria per lo sviluppo della Community nei grandi appuntamenti di raccordo e incontro<\/li>\n<li>Ricerca sociologica e strategica e analisi delle tendenze e degli orientamenti della societ\u00e0 italiana e della Community<\/li>\n<li>Portale dell\u2019ebraismo italiano <a href=\"http:\/\/www.moked.it\" target=\"_blank\" rel=\"noopener noreferrer\"><strong>www.moked.it<\/strong><\/a> e sito istituzionale UCEI <a href=\"http:\/\/www.ucei.it\" target=\"_blank\" rel=\"noopener noreferrer\"><strong>www.ucei.it<\/strong><\/a><\/li>\n<li>Azione vigilata e responsabile sui social network<\/li>\n<li>Ogni giorno, con la sola sosta dello Shabbat e delle solennit\u00e0 ebraiche, nuovi notiziari in rete<\/li>\n<\/ul>\n<p>&nbsp;<\/p>\n<p><img loading=\"lazy\" decoding=\"async\" class=\"wp-image-1053 size-full alignnone\" src=\"http:\/\/moked.it\/paginebraiche\/files\/2009\/09\/Schermata-2017-01-25-alle-10.51.03-1-e1485880830779.png\" alt=\"Schermata 2017-01-25 alle 10.51.03\" width=\"459\" height=\"600\" srcset=\"https:\/\/moked.it\/paginebraiche\/files\/2009\/09\/Schermata-2017-01-25-alle-10.51.03-1-e1485880830779.png 459w, https:\/\/moked.it\/paginebraiche\/files\/2009\/09\/Schermata-2017-01-25-alle-10.51.03-1-e1485880830779-230x300.png 230w\" sizes=\"auto, (max-width: 459px) 100vw, 459px\" \/><\/p>\n","protected":false},"excerpt":{"rendered":"<p>Abbonati Carta di credito Visa, Mastercard, American Express o PostePay su server ad alta sicurezza PayPal Abbonamento Ordinario 30 euro\/anno Abbonamento Sostenitori 100 euro\/anno Versamento su Conto Corrente Postale numero\u00a099138919 intestato a UCEI \u2013 Pagine Ebraiche \u2013 Lungotevere Sanzio 9 &#8211; Roma 00153 Bonifico Bancario IBAN IT39B0760103200000099138919 &#8211; intestato a UCEI \u2013 Pagine Ebraiche \u2013&hellip; <a class=\"more\" rel=\"bookmark\" href=\"https:\/\/moked.it\/paginebraiche\/abbonamenti\/\">leggi&nbsp;<i class=\"fa fa-chevron-circle-right\"><\/i><\/a><\/p>\n","protected":false},"author":1,"featured_media":0,"parent":0,"menu_order":3,"comment_status":"closed","ping_status":"open","template":"","meta":{"footnotes":""},"class_list":["post-8","page","type-page","status-publish","hentry"],"yoast_head":"<!-- This site is optimized with the Yoast SEO plugin v26.0 - https:\/\/yoast.com\/wordpress\/plugins\/seo\/ -->\n<title>Abbonamenti - Pagine Ebraiche<\/title>\n<meta name=\"robots\" content=\"index, follow, max-snippet:-1, max-image-preview:large, max-video-preview:-1\" \/>\n<link rel=\"canonical\" href=\"https:\/\/moked.it\/paginebraiche\/abbonamenti\/\" \/>\n<meta property=\"og:locale\" content=\"it_IT\" \/>\n<meta property=\"og:type\" content=\"article\" \/>\n<meta property=\"og:title\" content=\"Abbonamenti - Pagine Ebraiche\" \/>\n<meta property=\"og:description\" content=\"Abbonati Carta di credito Visa, Mastercard, American Express o PostePay su server ad alta sicurezza PayPal Abbonamento Ordinario 30 euro\/anno Abbonamento Sostenitori 100 euro\/anno Versamento su Conto Corrente Postale numero\u00a099138919 intestato a UCEI \u2013 Pagine Ebraiche \u2013 Lungotevere Sanzio 9 &#8211; Roma 00153 Bonifico Bancario IBAN IT39B0760103200000099138919 &#8211; intestato a UCEI \u2013 Pagine Ebraiche \u2013&hellip; leggi&nbsp;\" \/>\n<meta property=\"og:url\" content=\"https:\/\/moked.it\/paginebraiche\/abbonamenti\/\" \/>\n<meta property=\"og:site_name\" content=\"Pagine Ebraiche\" \/>\n<meta property=\"article:modified_time\" content=\"2018-03-16T14:28:16+00:00\" \/>\n<meta property=\"og:image\" content=\"http:\/\/moked.it\/paginebraiche\/files\/2009\/09\/Schermata-2017-01-31-alle-16.59.01-e1485878530831.png\" \/>\n<meta name=\"twitter:card\" content=\"summary_large_image\" \/>\n<meta name=\"twitter:label1\" content=\"Tempo di lettura stimato\" \/>\n\t<meta name=\"twitter:data1\" content=\"2 minuti\" \/>\n<script type=\"application\/ld+json\" class=\"yoast-schema-graph\">{\"@context\":\"https:\/\/schema.org\",\"@graph\":[{\"@type\":\"WebPage\",\"@id\":\"https:\/\/moked.it\/paginebraiche\/abbonamenti\/\",\"url\":\"https:\/\/moked.it\/paginebraiche\/abbonamenti\/\",\"name\":\"Abbonamenti - Pagine Ebraiche\",\"isPartOf\":{\"@id\":\"https:\/\/moked.it\/paginebraiche\/#website\"},\"primaryImageOfPage\":{\"@id\":\"https:\/\/moked.it\/paginebraiche\/abbonamenti\/#primaryimage\"},\"image\":{\"@id\":\"https:\/\/moked.it\/paginebraiche\/abbonamenti\/#primaryimage\"},\"thumbnailUrl\":\"http:\/\/moked.it\/paginebraiche\/files\/2009\/09\/Schermata-2017-01-31-alle-16.59.01-e1485878530831.png\",\"datePublished\":\"2009-09-30T14:39:04+00:00\",\"dateModified\":\"2018-03-16T14:28:16+00:00\",\"breadcrumb\":{\"@id\":\"https:\/\/moked.it\/paginebraiche\/abbonamenti\/#breadcrumb\"},\"inLanguage\":\"it-IT\",\"potentialAction\":[{\"@type\":\"ReadAction\",\"target\":[\"https:\/\/moked.it\/paginebraiche\/abbonamenti\/\"]}]},{\"@type\":\"ImageObject\",\"inLanguage\":\"it-IT\",\"@id\":\"https:\/\/moked.it\/paginebraiche\/abbonamenti\/#primaryimage\",\"url\":\"https:\/\/moked.it\/paginebraiche\/files\/2009\/09\/Schermata-2017-01-31-alle-16.59.01-e1485878530831.png\",\"contentUrl\":\"https:\/\/moked.it\/paginebraiche\/files\/2009\/09\/Schermata-2017-01-31-alle-16.59.01-e1485878530831.png\",\"width\":600,\"height\":192},{\"@type\":\"BreadcrumbList\",\"@id\":\"https:\/\/moked.it\/paginebraiche\/abbonamenti\/#breadcrumb\",\"itemListElement\":[{\"@type\":\"ListItem\",\"position\":1,\"name\":\"Home\",\"item\":\"https:\/\/moked.it\/paginebraiche\/\"},{\"@type\":\"ListItem\",\"position\":2,\"name\":\"Abbonamenti\"}]},{\"@type\":\"WebSite\",\"@id\":\"https:\/\/moked.it\/paginebraiche\/#website\",\"url\":\"https:\/\/moked.it\/paginebraiche\/\",\"name\":\"Pagine Ebraiche\",\"description\":\"Il giornale dell&#039;ebraismo italiano\",\"potentialAction\":[{\"@type\":\"SearchAction\",\"target\":{\"@type\":\"EntryPoint\",\"urlTemplate\":\"https:\/\/moked.it\/paginebraiche\/?s={search_term_string}\"},\"query-input\":{\"@type\":\"PropertyValueSpecification\",\"valueRequired\":true,\"valueName\":\"search_term_string\"}}],\"inLanguage\":\"it-IT\"}]}<\/script>\n<!-- \/ Yoast SEO plugin. -->","yoast_head_json":{"title":"Abbonamenti - Pagine Ebraiche","robots":{"index":"index","follow":"follow","max-snippet":"max-snippet:-1","max-image-preview":"max-image-preview:large","max-video-preview":"max-video-preview:-1"},"canonical":"https:\/\/moked.it\/paginebraiche\/abbonamenti\/","og_locale":"it_IT","og_type":"article","og_title":"Abbonamenti - Pagine Ebraiche","og_description":"Abbonati Carta di credito Visa, Mastercard, American Express o PostePay su server ad alta sicurezza PayPal Abbonamento Ordinario 30 euro\/anno Abbonamento Sostenitori 100 euro\/anno Versamento su Conto Corrente Postale numero\u00a099138919 intestato a UCEI \u2013 Pagine Ebraiche \u2013 Lungotevere Sanzio 9 &#8211; Roma 00153 Bonifico Bancario IBAN IT39B0760103200000099138919 &#8211; intestato a UCEI \u2013 Pagine Ebraiche \u2013&hellip; leggi&nbsp;","og_url":"https:\/\/moked.it\/paginebraiche\/abbonamenti\/","og_site_name":"Pagine Ebraiche","article_modified_time":"2018-03-16T14:28:16+00:00","og_image":[{"url":"http:\/\/moked.it\/paginebraiche\/files\/2009\/09\/Schermata-2017-01-31-alle-16.59.01-e1485878530831.png","type":"","width":"","height":""}],"twitter_card":"summary_large_image","twitter_misc":{"Tempo di lettura stimato":"2 minuti"},"schema":{"@context":"https:\/\/schema.org","@graph":[{"@type":"WebPage","@id":"https:\/\/moked.it\/paginebraiche\/abbonamenti\/","url":"https:\/\/moked.it\/paginebraiche\/abbonamenti\/","name":"Abbonamenti - Pagine Ebraiche","isPartOf":{"@id":"https:\/\/moked.it\/paginebraiche\/#website"},"primaryImageOfPage":{"@id":"https:\/\/moked.it\/paginebraiche\/abbonamenti\/#primaryimage"},"image":{"@id":"https:\/\/moked.it\/paginebraiche\/abbonamenti\/#primaryimage"},"thumbnailUrl":"http:\/\/moked.it\/paginebraiche\/files\/2009\/09\/Schermata-2017-01-31-alle-16.59.01-e1485878530831.png","datePublished":"2009-09-30T14:39:04+00:00","dateModified":"2018-03-16T14:28:16+00:00","breadcrumb":{"@id":"https:\/\/moked.it\/paginebraiche\/abbonamenti\/#breadcrumb"},"inLanguage":"it-IT","potentialAction":[{"@type":"ReadAction","target":["https:\/\/moked.it\/paginebraiche\/abbonamenti\/"]}]},{"@type":"ImageObject","inLanguage":"it-IT","@id":"https:\/\/moked.it\/paginebraiche\/abbonamenti\/#primaryimage","url":"https:\/\/moked.it\/paginebraiche\/files\/2009\/09\/Schermata-2017-01-31-alle-16.59.01-e1485878530831.png","contentUrl":"https:\/\/moked.it\/paginebraiche\/files\/2009\/09\/Schermata-2017-01-31-alle-16.59.01-e1485878530831.png","width":600,"height":192},{"@type":"BreadcrumbList","@id":"https:\/\/moked.it\/paginebraiche\/abbonamenti\/#breadcrumb","itemListElement":[{"@type":"ListItem","position":1,"name":"Home","item":"https:\/\/moked.it\/paginebraiche\/"},{"@type":"ListItem","position":2,"name":"Abbonamenti"}]},{"@type":"WebSite","@id":"https:\/\/moked.it\/paginebraiche\/#website","url":"https:\/\/moked.it\/paginebraiche\/","name":"Pagine Ebraiche","description":"Il giornale dell&#039;ebraismo italiano","potentialAction":[{"@type":"SearchAction","target":{"@type":"EntryPoint","urlTemplate":"https:\/\/moked.it\/paginebraiche\/?s={search_term_string}"},"query-input":{"@type":"PropertyValueSpecification","valueRequired":true,"valueName":"search_term_string"}}],"inLanguage":"it-IT"}]}},"_links":{"self":[{"href":"https:\/\/moked.it\/paginebraiche\/wp-json\/wp\/v2\/pages\/8","targetHints":{"allow":["GET"]}}],"collection":[{"href":"https:\/\/moked.it\/paginebraiche\/wp-json\/wp\/v2\/pages"}],"about":[{"href":"https:\/\/moked.it\/paginebraiche\/wp-json\/wp\/v2\/types\/page"}],"author":[{"embeddable":true,"href":"https:\/\/moked.it\/paginebraiche\/wp-json\/wp\/v2\/users\/1"}],"replies":[{"embeddable":true,"href":"https:\/\/moked.it\/paginebraiche\/wp-json\/wp\/v2\/comments?post=8"}],"version-history":[{"count":17,"href":"https:\/\/moked.it\/paginebraiche\/wp-json\/wp\/v2\/pages\/8\/revisions"}],"predecessor-version":[{"id":1144,"href":"https:\/\/moked.it\/paginebraiche\/wp-json\/wp\/v2\/pages\/8\/revisions\/1144"}],"wp:attachment":[{"href":"https:\/\/moked.it\/paginebraiche\/wp-json\/wp\/v2\/media?parent=8"}],"curies":[{"name":"wp","href":"https:\/\/api.w.org\/{rel}","templated":true}]}}